the hundred thousands digit of 189836431?
8
What is the tens digit of 4050548338?
3
What is the units digit of 70470869?
9
What is the units digit of 57418028?
8
What is the billions digit of 5198933214?
5
What is the hundred thousands digit of 1343167940?
1
What is the ten millions digit of 44432751?
4
What is the thousands digit of 6677867067?
7
What is the thousands digit of 282116126?
6
What is the ten thousands digit of 57040477?
4
What is the units digit of 921482101?
1
What is the hundred millions digit of 349144002?
3
What is the units digit of 287883943?
3
What is the hundred thousands digit of 5115919445?
9
What is the millions digit of 1038680?
1
What is the millions digit of 54280150?
4
What is the millions digit of 1085702?
1
What is the billions digit of 1010248455?
1
What is the ten thousands digit of 698951583?
5
What is the millions digit of 120692177?
0
What is the hundred thousands digit of 50243966?
2
What is the hundred millions digit of 2650013312?
6
What is the tens digit of 184026819?
1
What is the tens digit of 4321644?
4
What is the ten thousands digit of 404844556?
4
What is the billions digit of 3456815690?
3
What is the millions digit of 869742689?
9
What is the ten thousands digit of 78852796?
5
What is the millions digit of 118943901?
8
What is the units digit of 31888967?
7
What is the tens digit of 2296346194?
9
What is the millions digit of 131987186?
1
What is the units digit of 41700436?
6
What is the units digit of 3380603327?
7
What is the millions digit of 1479279554?
9
What is the hundred millions digit of 123519223?
1
What is the tens digit of 452033464?
6
What is the tens digit of 85007245?
4
What is the tens digit of 499560389?
8
What is the millions digit of 75650926?
5
What is the ten thousands digit of 46969367?
6
What is the units digit of 121216051?
1
What is the ten millions digit of 1648903754?
4
What is the millions digit of 138917473?
8
What is the ten thousands digit of 342699493?
9
What is the ten thousands digit of 721131114?
3
What is the hundreds digit of 779197079?
0
What is the units digit of 26761616?
6
What is the thousands digit of 536073536?
3
What is the tens digit of 1315373729?
2
What is the ten millions digit of 257945730?
5
What is the tens digit of 265879676?
7
What is the millions digit of 26347596?
6
What is the hundred millions digit of 1334202626?
3
What is the thousands digit of 30064697?
4
What is the tens digit of 917958205?
0
What is the millions digit of 54195051?
4
What is the tens digit of 133659297?
9
What is the hundred millions digit of 4451069922?
4
What is the hundreds digit of 8855829039?
0
What is the tens digit of 978078639?
3
What is the hundred thousands digit of 2186281046?
2
What is the ten millions digit of 31853944?
3
What is the millions digit of 205009086?
5
What is the hundreds digit of 24747996?
9
What is the units digit of 1003680047?
7
What is the thousands digit of 3273188578?
8
What is the millions digit of 240298136?
0
What is the ten millions digit of 23790765?
2
What is the ten thousands digit of 502392866?
9
What is the ten thousands digit of 2258717326?
1
What is the units digit of 788990824?
4
What is the thousands digit of 609000093?
0
What is the ten millions digit of 27026602?
2
What is the hundred thousands digit of 78351125?
3
What is the hundreds digit of 46869666?
6
What is the ten thousands digit of 2759240117?
4
What is the tens digit of 68371001?
0
What is the ten thousands digit of 88988888?
8
What is the thousands digit of 84948611?
8
What is the thousands digit of 271344153?
4
What is the ten millions digit of 458589669?
5
What is the units digit of 137579606?
6
What is the thousands digit of 270843834?
3
What is the ten millions digit of 184823040?
8
What is the billions digit of 8332818075?
8
What is the hundreds digit of 459948113?
1
What is the billions digit of 2571949109?
2
What is the millions digit of 114338609?
4
What is the hundreds digit of 994689668?
6
What is the units digit of 41072738?
8
What is the hundred thousands digit of 96912676?
9
What is the hundred millions digit of 7514387069?
5
What is the millions digit of 108913351?
8
What is the thousands digit of 3241672196?
2
What is the thousands digit of 177983311?
3
What is the ten millions digit of 22480583?
2
What is the tens digit of 176017823?
2
What is the thousands digit of 731149422?
9
What is the hundred millions digit of 2049291308?
0
What is the millions digit of 249280903?
9
What is the hundred millions digit of 1615311719?
6
What is the thousands digit of 541631473?
1
What is the ten millions digit of 33210578?
3
What is the thousands digit of 454330342?
0
What is the hundred millions digit of 1017126827?
0
What is the hundred thousands digit of 151719290?
7
What is the ten millions digit of 128055221?
2
What is the billions digit of 3304388451?
3
What is the ten millions digit of 309766484?
0
What is the ten thousands digit of 1215036851?
3
What is the hundred millions digit of 963933385?
9
What is the thousands digit of 884192485?
2
What is the ten millions digit of 135638040?
3
What is the ten thousands digit of 28218190?
1
What is the hundreds digit of 37344650?
6
What is the units digit of 704861882?
2
What is the hundred millions digit of 281450086?
2
What is the millions digit of 4050913784?
0
What is the ten thousands digit of 104481216?
8
What is the hundred millions digit of 3689117705?
6
What is the thousands digit of 47017123?
7
What is the tens digit of 416338748?
4
What is the tens digit of 326374052?
5
What is the hundred thousands digit of 139655040?
6
What is the hundreds digit of 480336292?
2
What is the ten millions digit of 1073375463?
7
What is the hundred thousands digit of 35030330?
0
What is the ten millions digit of 753937517?
5
What is the hundred millions digit of 475748524?
4
What is the hundred millions digit of 1058102148?
0
What is the thousands digit of 225517697?
7
What is the millions digit of 1834207?
1
What is the ten thousands digit of 1660892807?
9
What is the ten millions digit of 28836657?
2
What is the millions digit of 32675519?
2
What is the tens digit of 115313166?
6
What is the hundred millions digit of 384615677?
3
What is the ten thousands digit of 1122148049?
4
What is the ten thousands digit of 5645873?
4
What is the thousands digit of 15662193?
2
What is the hundred thousands digit of 1692196859?
1
What is the ten thousands digit of 43282438?
8
What is the hundred thousands digit of 22309596?
3
What is the millions digit of 511071787?
1
What is the tens digit of 23162120?
2
What is the hundred thousands digit of 66248245?
2
What is the tens digit of 1309020879?
7
What is the millions digit of 21992087?
1
What is the ten thousands digit of 43652385?
5
What is the millions digit of 44610677?
4
What is the ten millions digit of 200891447?
0
What is the hundreds digit of 8377076?
0
What is the hundred thousands digit of 23313407?
3
What is the units digit of 436708287?
7
What is the ten millions digit of 1891387022?
9
What is the ten millions digit of 684246839?
8
What is the ten millions digit of 6625799934?
2
What is the hundreds digit of 259469005?
0
What is the hundred thousands digit of 70874466?
8
What is the hundred millions digit of 548835359?
5
What is the units digit of 124524611?
1
What is the millions digit of 30550800?
0
What is the ten thousands digit of 1554929208?
2
What is the hundred millions digit of 2211199893?
2
What is the hundreds digit of 438584367?
3
What is the units digit of 121267591?
1
What is the tens digit of 63780700?
0
What is the hundred millions digit of 616377879?
6
What is the ten millions digit of 137142294?
3
What is the ten thousands digit of 249896520?
9
What is the hundreds digit of 706716072?
0
What is the ten thousands digit of 49009414?
0
What is the ten thousands digit of 992835167?
3
What is the hundreds digit of 17415101?
1
What is the units digit of 87679524?
4
What is the tens digit of 3033064476?
7
What is the ten thousands digit of 1496696560?
9
What is the hundred thousands digit of 2160466408?
4
What is the millions digit of 577087458?
7
What is the tens digit of 4174838059?
5
What is the hundreds digit of 1454611355?
3
What is the ten thousan